 12
-1a25a3
3475753 (base 8) to base 3
1210020002120
What is 986882 (base 10) in base 5?
223040012
Convert -1022112012102 (base 3) to base 6.
-22553145
What is -313225 (base 16) in base 8?
-14231045
What is -158711 (base 15) in base 7?
-11564152
What is 3421223 (base 6) in base 2?
101010011110001111
-2648567 (base 9) to base 13
-3b9b2a
Convert 211c1 (base 13) to base 11.
408a3
-6337419 (base 10) to base 8
-30131613
What is -102031235 (base 6) in base 3?
-10100021202112
10652537 (base 9) to base 13
10c1146
What is 110232 (base 6) in base 13?
422c
386672 (base 10) to base 15
79882
1628361 (base 9) to base 14
197b3d
Convert ba19b (base 14) to base 6.
13352541
-24b3 (base 14) to base 12
-3879
6b14e6 (base 16) to base 11
3a6355a
Convert 23b75a9 (base 12) to base 5.
3240201010
Convert 3a6164 (base 14) to base 5.
1003430010
What is -175a099 (base 11) in base 8?
-13307105
What is 110110010011001111001 (base 2) in base 11?
1005915
10198627 (base 10) to base 2
100110111001111001100011
4a351c (base 14) to base 7
30425635
-30120241 (base 5) to base 16
-3a4e5
What is 947197 (base 11) in base 13?
41198c
What is 1316004 (base 7) in base 13?
606ba
Convert -2432333 (base 9) to base 8.
-5023054
-100111011111 (base 3) to base 15
-3a4ea
What is -12552140 (base 6) in base 10?
-419100
52b65 (base 16) to base 11
2115a0
Convert 130150322 (base 6) to base 13.
6a93bb
Convert 20110776 (base 8) to base 16.
4091fe
-33151151 (base 7) to base 8
-12703720
What is -287ba (base 12) in base 8?
-156176
Convert 2180955 (base 10) to base 4.
20110131123
2233302210 (base 4) to base 9
1316630
What is -597752 (base 14) in base 13?
-82c9c9
Convert -14cfc6 (base 16) to base 4.
-11030333012
-5233682 (base 11) to base 13
-1bb1744
What is -225113025 (base 6) in base 2?
-1111111000001001001001
What is 1a146 (base 15) in base 12?
40bb6
Convert 12440221242 (base 5) to base 12.
52615a4
What is 2bb94 (base 15) in base 14?
39549
Convert -1cb4bc (base 16) to base 11.
-1075481
-520453 (base 7) to base 4
-111233233
What is 11231030330 (base 4) in base 12?
6017b8
What is -285746 (base 10) in base 2?
-1000101110000110010
-336107 (base 8) to base 2
-11011110001000111
What is -10111120120 (base 3) in base 16?
-10d52
What is -992ab (base 15) in base 14?
-c949d
11211101210101 (base 3) to base 14
4ab529
1173051 (base 8) to base 16
4f629
What is -26056164 (base 8) in base 10?
-5790836
-12121001200 (base 3) to base 8
-327054
Convert -2444885 (base 9) to base 14.
-26845d
What is 23b97d (base 15) in base 7?
20351053
Convert -1589863 (base 10) to base 13.
-438862
-221370 (base 11) to base 2
-1010110001110000011
Convert 1a4b3 (base 16) to base 9.
173655
404414430 (base 5) to base 7
16633445
What is -33430130 (base 5) in base 4?
-1020023301
-11011000011111010 (base 2) to base 7
-641104
What is -1300121 (base 6) in base 8?
-210621
Convert -291b1 (base 13) to base 8.
-226630
Convert 1100101012200 (base 3) to base 9.
1311180
446457 (base 10) to base 9
750373
What is 27143 (base 12) in base 10?
53763
Convert -5364 (base 12) to base 10.
-9148
Convert -100220002102 (base 3) to base 16.
-2f894
What is -d469cc (base 14) in base 12?
-2495860
Convert 1067763 (base 11) to base 12.
761b74
What is -119d (base 16) in base 2?
-1000110011101
-447946 (base 12) to base 10
-1091718
-5731283 (base 12) to base 9
-34437510
Convert 206565230 (base 7) to base 4.
233003222123
What is -12a750 (base 15) in base 10?
-896025
What is 22415542 (base 6) in base 4?
2213230112
Convert 31ac2 (base 14) to base 5.
12320442
What is 14445363 (base 7) in base 14?
27a46a
What is 3010046 (base 7) in base 2?
1010110110000110110
Convert -28b9cb (base 14) to base 13.
-3a7151
-10201022212021 (base 3) to base 13
-541ac8
Convert -202252004 (base 6) to base 14.
-666592
Convert -9c48 (base 14) to base 3.
-1101012011
What is 420206 (base 9) in base 7?
2056236
7a9328 (base 11) to base 4
10321333323
Convert 6632032 (base 7) to base 6.
25243304
Convert -231103333 (base 4) to base 11.
-117497
Convert 200100101220 (base 3) to base 6.
11423553
What is -1111100111001111 (base 2) in base 10?
-63951
2030113113 (base 4) to base 15
b5540
-132310133 (base 5) to base 10
-666293
What is 70c43 (base 16) in base 3?
212110121002
Convert 587 (base 15) to base 11.
a39
-18e068 (base 16) to base 13
-4510a8
What is 82186 (base 12) in base 11?
106463
What is a9b72 (base 13) in base 3?
120121120210
-1c2523 (base 14) to base 11
-627343
Convert 1111110011011110100 (base 2) to base 15.
a36a1
-1011100001001111 (base 2) to base 15
-dea8
Convert -4a659 (base 14) to base 4.
-230201113
33100435 (base 6) to base 3
1212011220012
What is -130154 (base 6) in base 13?
-5458
Convert 401443344 (base 5) to base 8.
6050377
What is -33100302 (base 4) in base 12?
-30216
14403612 (base 7) to base 12
558723
-50504 (base 6) to base 9
-10124
What is 101665 (base 15) in base 6?
24213535
What is -10026267 (base 10) in base 6?
-554521523
What is -280376 (base 9) in base 3?
-22200102120
Convert 2011100243 (base 5) to base 12.
14107ba
11411130 (base 7) to base 16
f6e22
What is -106682 (base 12) in base 13?
-91556
What is 1b239b (base 15) in base 16?
14332d
-5170242 (base 9) to base 16
-2a268d
-3255845 (base 9) to base 15
-2485c5
51200350 (base 6) to base 5
333241101
Convert 83553 (base 11) to base 6.
2335452
2613553 (base 7) to base 10
339853
What is 42525e (base 15) in base 13?
86676b
-9b29a (base 16) to base 4
-2123022122
What is -1a82a (base 15) in base 16?
-150c7
-21121110211 (base 3) to base 8
-444437
What is -1b79f3 (base 16) in base 4?
-12313213303
Convert -1be54 (base 15) to base 3.
-11121210121
Convert -30677 (base 8) to base 12.
-7453
130213 (base 8) to base 11
30a57
Convert -12210121120122 (base 3) to base 11.
-1816035
Convert 1310113321 (base 4) to base 9.
805767
Convert 11341313 (base 5) to base 12.
512b5
436310 (base 7) to base 8
225543
-22303101120 (base 4) to base 5
-1211101243
What is -11011011000100110 (base 2) in base 9?
-180768
-1020100112102 (base 3) to base 5
-132001424
What is 776856 (base 10) in base 15?
1052a6
-101011001101000011 (base 2) to base 5
-21130323
What is 18bf6 (base 16) in base 3?
12011001022
-1455636 (base 7) to base 8
-604406
Convert -5723426 (base 8) to base 15.
-209452
-504a34 (base 12) to base 16
-131cc8
What is 32a0407 (base 11) in base 3?
101212211201121
What is 3408726 (base 9) in base 15?
26442c
-2285783 (base 9) to base 11
-775a42
Convert -4ad91e (base 16) to base 14.
-9198aa
Convert -2100102210202 (base 3) to base 15.
-199e75
What is a0b46 (base 16) in base 13?
1a07c4
Convert 1011110000100 (base 2) to base 11.
4583
20562 (base 9) to base 6
142515
What is 236500 (base 7) in base 4?
22201300
Convert -10111001011101 (base 2) to base 3.
-121021121
Convert 59407 (base 10) to base 5.
3400112
Convert -8aa8c (base 14) to base 5.
-41234402
-2c7db (base 14) to base 7
-642364
Convert -11111101001001100011 (base 2) to base 8.
-3751143
-120131420 (base 5) to base 11
-347899
Convert -321032 (base 12) to base 11.
-49a380
-351311 (base 9) to base 10
-210934
-93db4 (base 15) to base 10
-468844
Convert -765142 (base 14) to base 2.
-1111010010110100010110
2832459 (base 10) to base 8
12634113
10424324 (base 6) to base 12
1320a4
What is 2370147 (base 8) in base 16?
9f067
Convert 4333304032 (base 5) to base 7.
141561216
Convert 2161534 (base 9) to base 16.
11bcde
200222111212110 (base 3) to base 15
d43ea6
Convert 67585 (base 11) to base 13.
3570a
Convert 1110110100010001000101 (base 2) to base 14.
7316bb
What is -2bdd3 (base 15) in base 8?
-424272
Convert 11001100001101100101 (base 2) to base 14.
17ab89
Convert 30157 (base 14) to base 7.
660540
-321442 (base 7) to base 6
-1110144
What is 10311444300 (base 5) in base 2?
101010001000111110101001
-75a449 (base 12) to base 2
-111000110111011111001
Convert -277cc5 (base 15) to base 13.
-51685a
Convert -2260436 (base 8) to base 6.
-21101434
Convert 12655243 (base 7) to base 16.
11e81c
Convert -66077 (base 10) to base 2.
-10000001000011101
What is -110111101000001 (base 2) in base 7?
-146015
What is -100221210 (base 4) in base 8?
-205144
What is -1321320131 (base 4) in base 13?
-146303
-17831c (base 16) to base 14
-2c179a
-11001100011101001 (base 2) to base 11
-71715
-112020332 (base 6) to base 2
-111110101110110100000
What is -179584 (bas